{"id":7914,"date":"2021-09-30T10:18:29","date_gmt":"2021-09-30T08:18:29","guid":{"rendered":"https:\/\/beta.compact-kaeltetechnik.de\/?post_type=tribe_events&#038;p=7914"},"modified":"2021-09-30T10:18:29","modified_gmt":"2021-09-30T08:18:29","slug":"genial-sozial","status":"publish","type":"tribe_events","link":"https:\/\/www.compact-kaeltetechnik.de\/de\/event\/genial-sozial\/","title":{"rendered":"Genial Sozial &#8211; Aktionstag 2021"},"content":{"rendered":"<div class=\"fusion-fullwidth fullwidth-box fusion-builder-row-1 fusion-flex-container nonhundred-percent-fullwidth non-hundred-percent-height-scrolling\" style=\"--awb-border-radius-top-left:0px;--awb-border-radius-top-right:0px;--awb-border-radius-bottom-right:0px;--awb-border-radius-bottom-left:0px;--awb-flex-wrap:wrap;\" ><div class=\"fusion-builder-row fusion-row fusion-flex-align-items-flex-start fusion-flex-content-wrap\" style=\"max-width:calc( 1200px + 0px );margin-left: calc(-0px \/ 2 );margin-right: calc(-0px \/ 2 );\"><div class=\"fusion-layout-column fusion_builder_column fusion-builder-column-0 fusion_builder_column_1_1 1_1 fusion-flex-column\" style=\"--awb-bg-size:cover;--awb-width-large:100%;--awb-margin-top-large:0px;--awb-spacing-right-large:0px;--awb-margin-bottom-large:0px;--awb-spacing-left-large:0px;--awb-width-medium:100%;--awb-spacing-right-medium:0px;--awb-spacing-left-medium:0px;--awb-width-small:100%;--awb-spacing-right-small:0px;--awb-spacing-left-small:0px;\"><div class=\"fusion-column-wrapper fusion-flex-justify-content-flex-start fusion-content-layout-column\"><div class=\"fusion-separator fusion-full-width-sep\" style=\"align-self: center;margin-left: auto;margin-right: auto;margin-bottom:10px;width:100%;\"><\/div><div class=\"fusion-text fusion-text-1\"><p>Am 6. Oktober 2021 findet die regionale Praktikums- und Lehrstellenb\u00f6rse der Dresdner Stadtbezirke Prohlis und Leuben statt &#8211; Ein regionales Angebot f\u00fcr Sch\u00fclerinnen und Sch\u00fcler umliegender Schulen (F\u00f6rderschulen, Oberschulen, Gymnasien) mit dem Schwerpunkt der Vermittlung von Praktikumspl\u00e4tzen.<\/p>\n<\/div><\/div><\/div><\/div><\/div>\n","protected":false},"excerpt":{"rendered":"<p>Am 6. Oktober 2021 findet die regionale Praktikums- und Lehrstellenb\u00f6rse der Dresdner Stadtbezirke Prohlis und Leuben statt &#8211; Ein regionales Angebot f\u00fcr Sch\u00fclerinnen und Sch\u00fcler umliegender Schulen (F\u00f6rderschulen, Oberschulen, Gymnasien) mit dem Schwerpunkt der Vermittlung von Praktikumspl\u00e4tzen. <\/p>\n","protected":false},"author":13,"featured_media":7915,"template":"","meta":{"_tribe_events_status":"","_tribe_events_status_reason":"","footnotes":""},"tags":[179,262,212,261],"tribe_events_cat":[24],"class_list":["post-7914","tribe_events","type-tribe_events","status-publish","has-post-thumbnail","hentry","tag-ausbildung","tag-lehrstelle","tag-mechatroniker-kaeltetechnik","tag-praktikum","tribe_events_cat-messen-konferenzen","cat_messen-konferenzen"],"_links":{"self":[{"href":"https:\/\/www.compact-kaeltetechnik.de\/de\/wp-json\/wp\/v2\/tribe_events\/7914","targetHints":{"allow":["GET"]}}],"collection":[{"href":"https:\/\/www.compact-kaeltetechnik.de\/de\/wp-json\/wp\/v2\/tribe_events"}],"about":[{"href":"https:\/\/www.compact-kaeltetechnik.de\/de\/wp-json\/wp\/v2\/types\/tribe_events"}],"author":[{"embeddable":true,"href":"https:\/\/www.compact-kaeltetechnik.de\/de\/wp-json\/wp\/v2\/users\/13"}],"version-history":[{"count":1,"href":"https:\/\/www.compact-kaeltetechnik.de\/de\/wp-json\/wp\/v2\/tribe_events\/7914\/revisions"}],"predecessor-version":[{"id":7918,"href":"https:\/\/www.compact-kaeltetechnik.de\/de\/wp-json\/wp\/v2\/tribe_events\/7914\/revisions\/7918"}],"wp:featuredmedia":[{"embeddable":true,"href":"https:\/\/www.compact-kaeltetechnik.de\/de\/wp-json\/wp\/v2\/media\/7915"}],"wp:attachment":[{"href":"https:\/\/www.compact-kaeltetechnik.de\/de\/wp-json\/wp\/v2\/media?parent=7914"}],"wp:term":[{"taxonomy":"post_tag","embeddable":true,"href":"https:\/\/www.compact-kaeltetechnik.de\/de\/wp-json\/wp\/v2\/tags?post=7914"},{"taxonomy":"tribe_events_cat","embeddable":true,"href":"https:\/\/www.compact-kaeltetechnik.de\/de\/wp-json\/wp\/v2\/tribe_events_cat?post=7914"}],"curies":[{"name":"wp","href":"https:\/\/api.w.org\/{rel}","templated":true}]}}

<div class="fusion-fullwidth fullwidth-box fusion-builder-row-1 fusion-flex-container nonhundred-percent-fullwidth non-hundred-percent-height-scrolling" style="--awb-border-radius-top-left:0px;--awb-border-radius-top-right:0px;--awb-border-radius-bottom-right:0px;--awb-border-radius-bottom-left:0px;--awb-flex-wrap:wrap;" ><div class="fusion-builder-row fusion-row fusion-flex-align-items-flex-start fusion-flex-content-wrap" style="max-width:calc( 1200px + 0px );margin-left: calc(-0px / 2 );margin-right: calc(-0px / 2 );"><div class="fusion-layout-column fusion_builder_column fusion-builder-column-0 fusion_builder_column_1_1 1_1 fusion-flex-column" style="--awb-bg-size:cover;--awb-width-large:100%;--awb-margin-top-large:0px;--awb-spacing-right-large:0px;--awb-margin-bottom-large:0px;--awb-spacing-left-large:0px;--awb-width-medium:100%;--awb-spacing-right-medium:0px;--awb-spacing-left-medium:0px;--awb-width-small:100%;--awb-spacing-right-small:0px;--awb-spacing-left-small:0px;"><div class="fusion-column-wrapper fusion-flex-justify-content-flex-start fusion-content-layout-column"><div class="fusion-separator fusion-full-width-sep" style="align-self: center;margin-left: auto;margin-right: auto;margin-bottom:10px;width:100%;"></div><div class="fusion-text fusion-text-1"><p>Am 6. Oktober 2021 findet die regionale Praktikums- und Lehrstellenbörse der Dresdner Stadtbezirke Prohlis und Leuben statt &#8211; Ein regionales Angebot für Schülerinnen und Schüler umliegender Schulen (Förderschulen, Oberschulen, Gymnasien) mit dem Schwerpunkt der Vermittlung von Praktikumsplätzen.</p>
</div></div></div></div></div>

<p>Am 6. Oktober 2021 findet die regionale Praktikums- und Lehrstellenbörse der Dresdner Stadtbezirke Prohlis und Leuben statt &#8211; Ein regionales Angebot für Schülerinnen und Schüler umliegender Schulen (Förderschulen, Oberschulen, Gymnasien) mit dem Schwerpunkt der Vermittlung von Praktikumsplätzen. </p>
