{"id":5432,"date":"2019-11-13T11:27:54","date_gmt":"2019-11-13T10:27:54","guid":{"rendered":"https:\/\/beta.compact-kaeltetechnik.de\/?post_type=tribe_events&#038;p=5432"},"modified":"2019-11-19T09:46:54","modified_gmt":"2019-11-19T08:46:54","slug":"woche-offene-unternehmen-2020","status":"publish","type":"tribe_events","link":"https:\/\/www.compact-kaeltetechnik.de\/de\/event\/woche-offene-unternehmen-2020\/","title":{"rendered":"Schau rein! Woche der offenen Unternehmen"},"content":{"rendered":"<p>Du interessierst dich f\u00fcr Technik und einen handwerklichen Beruf?<\/p>\n<p>Dann ist vielleicht die Ausbildung zum Mechatroniker f\u00fcr K\u00e4ltetechnik etwas f\u00fcr dich.<\/p>\n<p>Dieser Beruf verbindet die Technik ideal mit dem Handwerk: Du arbeitest in der Fertigung mit und montierst komplexe K\u00e4ltemaschinen inklusive der Isolierung und Verdrahtung. Zum Berufsbild geh\u00f6ren auch die Programmierung der Anlagen, die Inbetriebnahme und Wartung und Service.<\/p>\n<p>Wir stellen dir den Beruf vor, geben Einblicke in den Berufsalltag und zeigen dir Praxisbeispiele.<\/p>\n<p>Neben einer Betriebsbesichtigung hast du viele M\u00f6glichkeiten, mit Azubis und Ausbildern ins Gespr\u00e4ch zu kommen und dich beim Fertigen eines eigenen Werkst\u00fccks selbst ausprobieren.<\/p>\n<p>Haben wir dein Interesse geweckt? Dann melde dich hier an: <a href=\"https:\/\/www.bildungsmarkt-sachsen.de\/interaktiv\/course\/detail\/mechatroniker-fuer-kaeltetechnik-m-w-d-schau-rein-und-keep-cool-dresden\/id:1702938\/mode:woulisting\" target=\"_blank\" rel=\"noopener noreferrer\">https:\/\/www.bildungsmarkt-sachsen.de\/interaktiv\/course\/detail\/mechatroniker-fuer-kaeltetechnik-m-w-d-schau-rein-und-keep-cool-dresden\/id:1702938\/mode:woulisting<\/a><\/p>\n","protected":false},"excerpt":{"rendered":"<p>Du interessierst dich f\u00fcr Technik und einen handwerklichen Beruf? Dann ist vielleicht die Ausbildung zum Mechatroniker f\u00fcr K\u00e4ltetechnik etwas f\u00fcr dich. Dieser Beruf verbindet die Technik ideal mit dem Handwerk: Du arbeitest in der Fertigung mit und montierst komplexe K\u00e4ltemaschinen inklusive der Isolierung und Verdrahtung. Zum Berufsbild geh\u00f6ren auch die Programmierung der Anlagen, die Inbetriebnahme  [&#8230;]<\/p>\n","protected":false},"author":13,"featured_media":1972,"template":"","meta":{"_tribe_events_status":"","_tribe_events_status_reason":"","footnotes":""},"tags":[],"tribe_events_cat":[16,24],"class_list":["post-5432","tribe_events","type-tribe_events","status-publish","has-post-thumbnail","hentry","tribe_events_cat-messe","tribe_events_cat-messen-konferenzen","cat_messe","cat_messen-konferenzen"],"_links":{"self":[{"href":"https:\/\/www.compact-kaeltetechnik.de\/de\/wp-json\/wp\/v2\/tribe_events\/5432","targetHints":{"allow":["GET"]}}],"collection":[{"href":"https:\/\/www.compact-kaeltetechnik.de\/de\/wp-json\/wp\/v2\/tribe_events"}],"about":[{"href":"https:\/\/www.compact-kaeltetechnik.de\/de\/wp-json\/wp\/v2\/types\/tribe_events"}],"author":[{"embeddable":true,"href":"https:\/\/www.compact-kaeltetechnik.de\/de\/wp-json\/wp\/v2\/users\/13"}],"version-history":[{"count":2,"href":"https:\/\/www.compact-kaeltetechnik.de\/de\/wp-json\/wp\/v2\/tribe_events\/5432\/revisions"}],"predecessor-version":[{"id":5589,"href":"https:\/\/www.compact-kaeltetechnik.de\/de\/wp-json\/wp\/v2\/tribe_events\/5432\/revisions\/5589"}],"wp:featuredmedia":[{"embeddable":true,"href":"https:\/\/www.compact-kaeltetechnik.de\/de\/wp-json\/wp\/v2\/media\/1972"}],"wp:attachment":[{"href":"https:\/\/www.compact-kaeltetechnik.de\/de\/wp-json\/wp\/v2\/media?parent=5432"}],"wp:term":[{"taxonomy":"post_tag","embeddable":true,"href":"https:\/\/www.compact-kaeltetechnik.de\/de\/wp-json\/wp\/v2\/tags?post=5432"},{"taxonomy":"tribe_events_cat","embeddable":true,"href":"https:\/\/www.compact-kaeltetechnik.de\/de\/wp-json\/wp\/v2\/tribe_events_cat?post=5432"}],"curies":[{"name":"wp","href":"https:\/\/api.w.org\/{rel}","templated":true}]}}

<p>Du interessierst dich für Technik und einen handwerklichen Beruf?</p>
<p>Dann ist vielleicht die Ausbildung zum Mechatroniker für Kältetechnik etwas für dich.</p>
<p>Dieser Beruf verbindet die Technik ideal mit dem Handwerk: Du arbeitest in der Fertigung mit und montierst komplexe Kältemaschinen inklusive der Isolierung und Verdrahtung. Zum Berufsbild gehören auch die Programmierung der Anlagen, die Inbetriebnahme und Wartung und Service.</p>
<p>Wir stellen dir den Beruf vor, geben Einblicke in den Berufsalltag und zeigen dir Praxisbeispiele.</p>
<p>Neben einer Betriebsbesichtigung hast du viele Möglichkeiten, mit Azubis und Ausbildern ins Gespräch zu kommen und dich beim Fertigen eines eigenen Werkstücks selbst ausprobieren.</p>
<p>Haben wir dein Interesse geweckt? Dann melde dich hier an: <a href="https://www.bildungsmarkt-sachsen.de/interaktiv/course/detail/mechatroniker-fuer-kaeltetechnik-m-w-d-schau-rein-und-keep-cool-dresden/id:1702938/mode:woulisting" target="_blank" rel="noopener noreferrer">https://www.bildungsmarkt-sachsen.de/interaktiv/course/detail/mechatroniker-fuer-kaeltetechnik-m-w-d-schau-rein-und-keep-cool-dresden/id:1702938/mode:woulisting</a></p>

<p>Du interessierst dich für Technik und einen handwerklichen Beruf? Dann ist vielleicht die Ausbildung zum Mechatroniker für Kältetechnik etwas für dich. Dieser Beruf verbindet die Technik ideal mit dem Handwerk: Du arbeitest in der Fertigung mit und montierst komplexe Kältemaschinen inklusive der Isolierung und Verdrahtung. Zum Berufsbild gehören auch die Programmierung der Anlagen, die Inbetriebnahme  [&#8230;]</p>
