{"id":3935,"date":"2018-11-01T11:54:29","date_gmt":"2018-11-01T10:54:29","guid":{"rendered":"https:\/\/beta.compact-kaeltetechnik.de\/?post_type=tribe_events&#038;p=3935"},"modified":"2018-11-01T11:54:29","modified_gmt":"2018-11-01T10:54:29","slug":"atmosphere-europe2018","status":"publish","type":"tribe_events","link":"https:\/\/www.compact-kaeltetechnik.de\/de\/event\/atmosphere-europe2018\/","title":{"rendered":"ATMOsphere Europe 2018"},"content":{"rendered":"<p>Vom 19. bis 21. November 2018 findet die ATMOsphere Europe in Riva del<br \/>\nGarda (Gardasee \/ Italien) statt.<\/p>\n<p>Bei der Konferenz dreht sich alles um nat\u00fcrliche K\u00e4ltemittel. Zu der<br \/>\ndreit\u00e4gigen Konferenz werden mehr als 500 Branchenexperten und<br \/>\nBranchenf\u00fchrer erwartet.<\/p>\n<p>Die ATMOsphere ist die optimale Plattform f\u00fcr spannende Diskussionen,<br \/>\nAustausch von Erfahrungen und Netzwerken.<\/p>\n<p>Wir freuen uns auf Ihren Besuch!<\/p>\n","protected":false},"excerpt":{"rendered":"<p>Vom 19. bis 21. November 2018 findet die ATMOsphere Europe in Riva del Garda (Gardasee \/ Italien) statt. Bei der Konferenz dreht sich alles um nat\u00fcrliche K\u00e4ltemittel. Zu der dreit\u00e4gigen Konferenz werden mehr als 500 Branchenexperten und Branchenf\u00fchrer erwartet. Die ATMOsphere ist die optimale Plattform f\u00fcr spannende Diskussionen, Austausch von Erfahrungen und Netzwerken. Wir freuen  [&#8230;]<\/p>\n","protected":false},"author":4,"featured_media":1359,"template":"","meta":{"_tribe_events_status":"","_tribe_events_status_reason":"","footnotes":""},"tags":[105,107,106],"tribe_events_cat":[16],"class_list":["post-3935","tribe_events","type-tribe_events","status-publish","has-post-thumbnail","hentry","tag-atmosphere","tag-italien","tag-messe","tribe_events_cat-messe","cat_messe"],"_links":{"self":[{"href":"https:\/\/www.compact-kaeltetechnik.de\/de\/wp-json\/wp\/v2\/tribe_events\/3935","targetHints":{"allow":["GET"]}}],"collection":[{"href":"https:\/\/www.compact-kaeltetechnik.de\/de\/wp-json\/wp\/v2\/tribe_events"}],"about":[{"href":"https:\/\/www.compact-kaeltetechnik.de\/de\/wp-json\/wp\/v2\/types\/tribe_events"}],"author":[{"embeddable":true,"href":"https:\/\/www.compact-kaeltetechnik.de\/de\/wp-json\/wp\/v2\/users\/4"}],"version-history":[{"count":1,"href":"https:\/\/www.compact-kaeltetechnik.de\/de\/wp-json\/wp\/v2\/tribe_events\/3935\/revisions"}],"predecessor-version":[{"id":3936,"href":"https:\/\/www.compact-kaeltetechnik.de\/de\/wp-json\/wp\/v2\/tribe_events\/3935\/revisions\/3936"}],"wp:featuredmedia":[{"embeddable":true,"href":"https:\/\/www.compact-kaeltetechnik.de\/de\/wp-json\/wp\/v2\/media\/1359"}],"wp:attachment":[{"href":"https:\/\/www.compact-kaeltetechnik.de\/de\/wp-json\/wp\/v2\/media?parent=3935"}],"wp:term":[{"taxonomy":"post_tag","embeddable":true,"href":"https:\/\/www.compact-kaeltetechnik.de\/de\/wp-json\/wp\/v2\/tags?post=3935"},{"taxonomy":"tribe_events_cat","embeddable":true,"href":"https:\/\/www.compact-kaeltetechnik.de\/de\/wp-json\/wp\/v2\/tribe_events_cat?post=3935"}],"curies":[{"name":"wp","href":"https:\/\/api.w.org\/{rel}","templated":true}]}}

<p>Vom 19. bis 21. November 2018 findet die ATMOsphere Europe in Riva del<br />
Garda (Gardasee / Italien) statt.</p>
<p>Bei der Konferenz dreht sich alles um natürliche Kältemittel. Zu der<br />
dreitägigen Konferenz werden mehr als 500 Branchenexperten und<br />
Branchenführer erwartet.</p>
<p>Die ATMOsphere ist die optimale Plattform für spannende Diskussionen,<br />
Austausch von Erfahrungen und Netzwerken.</p>
<p>Wir freuen uns auf Ihren Besuch!</p>

<p>Vom 19. bis 21. November 2018 findet die ATMOsphere Europe in Riva del Garda (Gardasee / Italien) statt. Bei der Konferenz dreht sich alles um natürliche Kältemittel. Zu der dreitägigen Konferenz werden mehr als 500 Branchenexperten und Branchenführer erwartet. Die ATMOsphere ist die optimale Plattform für spannende Diskussionen, Austausch von Erfahrungen und Netzwerken. Wir freuen  [&#8230;]</p>
