{"id":26747,"date":"2026-03-16T09:45:30","date_gmt":"2026-03-16T08:45:30","guid":{"rendered":"https:\/\/www.compact-kaeltetechnik.de\/?post_type=tribe_events&#038;p=26747"},"modified":"2026-03-16T09:47:20","modified_gmt":"2026-03-16T08:47:20","slug":"15-johannstaedter-praktikums-und-lehrstellenboerse","status":"publish","type":"tribe_events","link":"https:\/\/www.compact-kaeltetechnik.de\/de\/event\/15-johannstaedter-praktikums-und-lehrstellenboerse\/","title":{"rendered":"15. Johannst\u00e4dter Praktikums- und Lehrstellenb\u00f6rse"},"content":{"rendered":"<div class=\"fusion-fullwidth fullwidth-box fusion-builder-row-1 fusion-flex-container nonhundred-percent-fullwidth non-hundred-percent-height-scrolling\" style=\"--awb-border-radius-top-left:0px;--awb-border-radius-top-right:0px;--awb-border-radius-bottom-right:0px;--awb-border-radius-bottom-left:0px;--awb-flex-wrap:wrap;\" ><div class=\"fusion-builder-row fusion-row fusion-flex-align-items-flex-start fusion-flex-content-wrap\" style=\"max-width:1248px;margin-left: calc(-4% \/ 2 );margin-right: calc(-4% \/ 2 );\"><div class=\"fusion-layout-column fusion_builder_column fusion-builder-column-0 fusion_builder_column_1_1 1_1 fusion-flex-column\" style=\"--awb-bg-size:cover;--awb-width-large:100%;--awb-margin-top-large:0px;--awb-spacing-right-large:1.92%;--awb-margin-bottom-large:0px;--awb-spacing-left-large:1.92%;--awb-width-medium:100%;--awb-spacing-right-medium:1.92%;--awb-spacing-left-medium:1.92%;--awb-width-small:100%;--awb-spacing-right-small:1.92%;--awb-spacing-left-small:1.92%;\"><div class=\"fusion-column-wrapper fusion-flex-justify-content-flex-start fusion-content-layout-column\"><div class=\"fusion-text fusion-text-1\"><p>Coole Ausbildungsberufe bei compact K\u00e4ltetechnik. Triff uns auf der <strong>15.<\/strong> <strong>Johannst\u00e4dter Praktikums- und Lehrstellenb\u00f6rse in der JohannStadthalle <\/strong>und mache den ersten Schritt zur Ausbildung zum <strong><a href=\"https:\/\/www.compact-kaeltetechnik.de\/de\/karriere\/ausbildung\/\" data-saferedirecturl=\"https:\/\/www.google.com\/url?hl=de&amp;q=https:\/\/www.compact-kaeltetechnik.de\/wp-content\/uploads\/2016\/09\/Ausbildung_Mechatroniker_Kaeltetechnik_2017_online.pdf&amp;source=gmail&amp;ust=1506431818633000&amp;usg=AFQjCNHizNHplQ8ec3Dqx8riEcdFlgMpXQ\">Mechatroniker f\u00fcr K\u00e4ltetechnik (m\/w\/d)<\/a><\/strong> oder zur <a href=\"https:\/\/www.compact-kaeltetechnik.de\/de\/karriere\/ausbildung\/\" target=\"_blank\" rel=\"noopener\"><strong>Fachkraft f\u00fcr Lagerlogistik (m\/w\/d)<\/strong><\/a> bei uns.<\/p>\n<p>\u00dcberwiegend lokale Unternehmen und Institutionen stellen an diesem Tag Berufsbilder vor und bieten <strong>Praktikums- und Ausbildungspl\u00e4tze<\/strong> an. Zielgruppe sind Sch\u00fclerinnen und Sch\u00fcler der Klassen 7 bis 12. Ein umfangreiches Programm erwartet Dich:<\/p>\n<ul>\n<li>Nutze die M\u00f6glichkeit f\u00fcr kostenlose Bewerbungsfotos (gilt f\u00fcr Sch\u00fclerinnen und Sch\u00fcler)<\/li>\n<li>Workshop &#8220;Check die Bewerbung&#8221;<\/li>\n<li>Training eines Vorstellungsgespr\u00e4ches mit Personaler:innen vor Ort<\/li>\n<li>Servicepunkt f\u00fcr Migrantinnen und Migranten (ARBEIT UND LEBEN Sachsen e. V., Beratungsstelle Jugendmigrationsdienst des Caritasverband f\u00fcr Dresden e. V., Gemeindedolmetscherdienst)<\/li>\n<\/ul>\n<p>Der Eintritt ist frei! Wir freuen uns auf Dich.<\/p>\n<\/div><\/div><\/div><\/div><\/div>\n","protected":false},"excerpt":{"rendered":"","protected":false},"author":291,"featured_media":0,"template":"","meta":{"_tribe_events_status":"","_tribe_events_status_reason":"","footnotes":""},"tags":[],"tribe_events_cat":[278,16],"class_list":["post-26747","tribe_events","type-tribe_events","status-publish","hentry","tribe_events_cat-karriere","tribe_events_cat-messe","cat_karriere","cat_messe"],"_links":{"self":[{"href":"https:\/\/www.compact-kaeltetechnik.de\/de\/wp-json\/wp\/v2\/tribe_events\/26747","targetHints":{"allow":["GET"]}}],"collection":[{"href":"https:\/\/www.compact-kaeltetechnik.de\/de\/wp-json\/wp\/v2\/tribe_events"}],"about":[{"href":"https:\/\/www.compact-kaeltetechnik.de\/de\/wp-json\/wp\/v2\/types\/tribe_events"}],"author":[{"embeddable":true,"href":"https:\/\/www.compact-kaeltetechnik.de\/de\/wp-json\/wp\/v2\/users\/291"}],"version-history":[{"count":3,"href":"https:\/\/www.compact-kaeltetechnik.de\/de\/wp-json\/wp\/v2\/tribe_events\/26747\/revisions"}],"predecessor-version":[{"id":26750,"href":"https:\/\/www.compact-kaeltetechnik.de\/de\/wp-json\/wp\/v2\/tribe_events\/26747\/revisions\/26750"}],"wp:attachment":[{"href":"https:\/\/www.compact-kaeltetechnik.de\/de\/wp-json\/wp\/v2\/media?parent=26747"}],"wp:term":[{"taxonomy":"post_tag","embeddable":true,"href":"https:\/\/www.compact-kaeltetechnik.de\/de\/wp-json\/wp\/v2\/tags?post=26747"},{"taxonomy":"tribe_events_cat","embeddable":true,"href":"https:\/\/www.compact-kaeltetechnik.de\/de\/wp-json\/wp\/v2\/tribe_events_cat?post=26747"}],"curies":[{"name":"wp","href":"https:\/\/api.w.org\/{rel}","templated":true}]}}

15. Johannstädter Praktikums- und Lehrstellenbörse

<div class="fusion-fullwidth fullwidth-box fusion-builder-row-1 fusion-flex-container nonhundred-percent-fullwidth non-hundred-percent-height-scrolling" style="--awb-border-radius-top-left:0px;--awb-border-radius-top-right:0px;--awb-border-radius-bottom-right:0px;--awb-border-radius-bottom-left:0px;--awb-flex-wrap:wrap;" ><div class="fusion-builder-row fusion-row fusion-flex-align-items-flex-start fusion-flex-content-wrap" style="max-width:1248px;margin-left: calc(-4% / 2 );margin-right: calc(-4% / 2 );"><div class="fusion-layout-column fusion_builder_column fusion-builder-column-0 fusion_builder_column_1_1 1_1 fusion-flex-column" style="--awb-bg-size:cover;--awb-width-large:100%;--awb-margin-top-large:0px;--awb-spacing-right-large:1.92%;--awb-margin-bottom-large:0px;--awb-spacing-left-large:1.92%;--awb-width-medium:100%;--awb-spacing-right-medium:1.92%;--awb-spacing-left-medium:1.92%;--awb-width-small:100%;--awb-spacing-right-small:1.92%;--awb-spacing-left-small:1.92%;"><div class="fusion-column-wrapper fusion-flex-justify-content-flex-start fusion-content-layout-column"><div class="fusion-text fusion-text-1"><p>Coole Ausbildungsberufe bei compact Kältetechnik. Triff uns auf der <strong>15.</strong> <strong>Johannstädter Praktikums- und Lehrstellenbörse in der JohannStadthalle </strong>und mache den ersten Schritt zur Ausbildung zum <strong><a href="https://www.compact-kaeltetechnik.de/de/karriere/ausbildung/" data-saferedirecturl="https://www.google.com/url?hl=de&amp;q=https://www.compact-kaeltetechnik.de/wp-content/uploads/2016/09/Ausbildung_Mechatroniker_Kaeltetechnik_2017_online.pdf&amp;source=gmail&amp;ust=1506431818633000&amp;usg=AFQjCNHizNHplQ8ec3Dqx8riEcdFlgMpXQ">Mechatroniker für Kältetechnik (m/w/d)</a></strong> oder zur <a href="https://www.compact-kaeltetechnik.de/de/karriere/ausbildung/" target="_blank" rel="noopener"><strong>Fachkraft für Lagerlogistik (m/w/d)</strong></a> bei uns.</p>
<p>Überwiegend lokale Unternehmen und Institutionen stellen an diesem Tag Berufsbilder vor und bieten <strong>Praktikums- und Ausbildungsplätze</strong> an. Zielgruppe sind Schülerinnen und Schüler der Klassen 7 bis 12. Ein umfangreiches Programm erwartet Dich:</p>
<ul>
<li>Nutze die Möglichkeit für kostenlose Bewerbungsfotos (gilt für Schülerinnen und Schüler)</li>
<li>Workshop &#8220;Check die Bewerbung&#8221;</li>
<li>Training eines Vorstellungsgespräches mit Personaler:innen vor Ort</li>
<li>Servicepunkt für Migrantinnen und Migranten (ARBEIT UND LEBEN Sachsen e. V., Beratungsstelle Jugendmigrationsdienst des Caritasverband für Dresden e. V., Gemeindedolmetscherdienst)</li>
</ul>
<p>Der Eintritt ist frei! Wir freuen uns auf Dich.</p>
</div></div></div></div></div>
