{"id":14007,"date":"2023-12-19T12:13:04","date_gmt":"2023-12-19T11:13:04","guid":{"rendered":"https:\/\/www.compact-kaeltetechnik.de\/?post_type=tribe_events&#038;p=14007"},"modified":"2024-03-18T17:37:36","modified_gmt":"2024-03-18T16:37:36","slug":"girls-day-2024-1","status":"publish","type":"tribe_events","link":"https:\/\/www.compact-kaeltetechnik.de\/de\/event\/girls-day-2024-1\/","title":{"rendered":"Girls Day 2024"},"content":{"rendered":"<h2>Handwerk ist reine M\u00e4nnersache? Nicht bei uns!<\/h2>\n<p><img decoding=\"async\" class=\"lazyload alignright wp-image-10906\" src=\"https:\/\/www.compact-kaeltetechnik.de\/wp-content\/uploads\/2022\/04\/IMG_9205-200x267.jpg\" data-orig-src=\"https:\/\/www.compact-kaeltetechnik.de\/wp-content\/uploads\/2022\/04\/IMG_9205-200x267.jpg\" alt=\"junge Frau arbeitet an K\u00e4ltetechnik Anlage\" width=\"220\" height=\"293\" srcset=\"data:image\/svg+xml,%3Csvg%20xmlns%3D%27http%3A%2F%2Fwww.w3.org%2F2000%2Fsvg%27%20width%3D%27220%27%20height%3D%27293%27%20viewBox%3D%270%200%20220%20293%27%3E%3Crect%20width%3D%27220%27%20height%3D%27293%27%20fill-opacity%3D%220%22%2F%3E%3C%2Fsvg%3E\" data-srcset=\"https:\/\/www.compact-kaeltetechnik.de\/wp-content\/uploads\/2022\/04\/IMG_9205-200x267.jpg 200w, https:\/\/www.compact-kaeltetechnik.de\/wp-content\/uploads\/2022\/04\/IMG_9205-225x300.jpg 225w, https:\/\/www.compact-kaeltetechnik.de\/wp-content\/uploads\/2022\/04\/IMG_9205-400x533.jpg 400w, https:\/\/www.compact-kaeltetechnik.de\/wp-content\/uploads\/2022\/04\/IMG_9205-600x800.jpg 600w, https:\/\/www.compact-kaeltetechnik.de\/wp-content\/uploads\/2022\/04\/IMG_9205-768x1024.jpg 768w, https:\/\/www.compact-kaeltetechnik.de\/wp-content\/uploads\/2022\/04\/IMG_9205-800x1067.jpg 800w, https:\/\/www.compact-kaeltetechnik.de\/wp-content\/uploads\/2022\/04\/IMG_9205-1152x1536.jpg 1152w, https:\/\/www.compact-kaeltetechnik.de\/wp-content\/uploads\/2022\/04\/IMG_9205-1200x1600.jpg 1200w, https:\/\/www.compact-kaeltetechnik.de\/wp-content\/uploads\/2022\/04\/IMG_9205-1536x2048.jpg 1536w, https:\/\/www.compact-kaeltetechnik.de\/wp-content\/uploads\/2022\/04\/IMG_9205-scaled.jpg 1920w\" data-sizes=\"auto\" data-orig-sizes=\"(max-width: 220px) 100vw, 220px\" \/><\/p>\n<p>Du bist auch der Meinung in Handwerksberufen ist es l\u00e4ngst Zeit f\u00fcr Frauenpower und frischen Wind?<\/p>\n<p>Dann ist unser GIRLS DAY vielleicht Dein Start in den coolsten Beruf \u00fcberhaupt. &#8220;Coole Girls&#8221; erhalten hier Wissen aus erster Hand. Schau dir unsere Produktion an und sprich direkt mit anderen Azubis \u00fcber die Ausbildung &#8220;Mechatronikerin f\u00fcr K\u00e4ltetechnik&#8221;.<\/p>\n<p>Teste Dein handwerkliches Geschick beim Messen, Biegen &amp; L\u00f6ten. Am GIRLS DAY hast Du die M\u00f6glichkeit unter Anleitung ein cooles Werkst\u00fcck aus Kupferrohr zu fertigen und dabei erste Einblicke in die Ausbildung zur Mechatronikerin f\u00fcr K\u00e4ltetechnik zu gewinnen. Au\u00dferdem zeigen wir Dir bei einem Firmenrundgang unsere Fertigungsprozesse und weitere ausbildungsrelevante Stationen wie Isolierung, Verdrahtung und Montage. Unsere Ausbilder und Azubis kannst Du dabei alles fragen, was Dich interessiert.<\/p>\n<p>Melde Dich jetzt zum GIRLS DAY bei uns an &#8211; Wir freuen uns auf Dich!<\/p>\n<p><a href=\"https:\/\/www.girls-day.de\/.oO\/Show\/compact-kaeltetechnik-gmbh\/coole-girls-kaeltetechnik-live-erleben.1\" target=\"_blank\" rel=\"noopener\"><strong>HIER ZUM GIRLS DAY 2024 ANMELDEN<\/strong><\/a><\/p>\n","protected":false},"excerpt":{"rendered":"<p>Handwerk ist reine M\u00e4nnersache? Nicht bei uns! Du bist auch der Meinung in Handwerksberufen ist es l\u00e4ngst Zeit f\u00fcr Frauenpower und frischen Wind? Dann ist unser GIRLS DAY vielleicht Dein Start in den coolsten Beruf \u00fcberhaupt. &#8220;Coole Girls&#8221; erhalten hier Wissen aus erster Hand. Schau dir unsere Produktion an und sprich direkt mit anderen Azubis  [&#8230;]<\/p>\n","protected":false},"author":290,"featured_media":0,"template":"","meta":{"_tribe_events_status":"","_tribe_events_status_reason":"","footnotes":""},"tags":[],"tribe_events_cat":[278],"class_list":["post-14007","tribe_events","type-tribe_events","status-publish","hentry","tribe_events_cat-karriere","cat_karriere"],"_links":{"self":[{"href":"https:\/\/www.compact-kaeltetechnik.de\/de\/wp-json\/wp\/v2\/tribe_events\/14007","targetHints":{"allow":["GET"]}}],"collection":[{"href":"https:\/\/www.compact-kaeltetechnik.de\/de\/wp-json\/wp\/v2\/tribe_events"}],"about":[{"href":"https:\/\/www.compact-kaeltetechnik.de\/de\/wp-json\/wp\/v2\/types\/tribe_events"}],"author":[{"embeddable":true,"href":"https:\/\/www.compact-kaeltetechnik.de\/de\/wp-json\/wp\/v2\/users\/290"}],"version-history":[{"count":13,"href":"https:\/\/www.compact-kaeltetechnik.de\/de\/wp-json\/wp\/v2\/tribe_events\/14007\/revisions"}],"predecessor-version":[{"id":15307,"href":"https:\/\/www.compact-kaeltetechnik.de\/de\/wp-json\/wp\/v2\/tribe_events\/14007\/revisions\/15307"}],"wp:attachment":[{"href":"https:\/\/www.compact-kaeltetechnik.de\/de\/wp-json\/wp\/v2\/media?parent=14007"}],"wp:term":[{"taxonomy":"post_tag","embeddable":true,"href":"https:\/\/www.compact-kaeltetechnik.de\/de\/wp-json\/wp\/v2\/tags?post=14007"},{"taxonomy":"tribe_events_cat","embeddable":true,"href":"https:\/\/www.compact-kaeltetechnik.de\/de\/wp-json\/wp\/v2\/tribe_events_cat?post=14007"}],"curies":[{"name":"wp","href":"https:\/\/api.w.org\/{rel}","templated":true}]}}

<h2>Handwerk ist reine Männersache? Nicht bei uns!</h2>
<p><img decoding="async" class="lazyload alignright wp-image-10906" src="https://www.compact-kaeltetechnik.de/wp-content/uploads/2022/04/IMG_9205-200x267.jpg" data-orig-src="https://www.compact-kaeltetechnik.de/wp-content/uploads/2022/04/IMG_9205-200x267.jpg" alt="junge Frau arbeitet an Kältetechnik Anlage" width="220" height="293" srcset="data:image/svg+xml,%3Csvg%20xmlns%3D%27http%3A%2F%2Fwww.w3.org%2F2000%2Fsvg%27%20width%3D%27220%27%20height%3D%27293%27%20viewBox%3D%270%200%20220%20293%27%3E%3Crect%20width%3D%27220%27%20height%3D%27293%27%20fill-opacity%3D%220%22%2F%3E%3C%2Fsvg%3E" data-srcset="https://www.compact-kaeltetechnik.de/wp-content/uploads/2022/04/IMG_9205-200x267.jpg 200w, https://www.compact-kaeltetechnik.de/wp-content/uploads/2022/04/IMG_9205-225x300.jpg 225w, https://www.compact-kaeltetechnik.de/wp-content/uploads/2022/04/IMG_9205-400x533.jpg 400w, https://www.compact-kaeltetechnik.de/wp-content/uploads/2022/04/IMG_9205-600x800.jpg 600w, https://www.compact-kaeltetechnik.de/wp-content/uploads/2022/04/IMG_9205-768x1024.jpg 768w, https://www.compact-kaeltetechnik.de/wp-content/uploads/2022/04/IMG_9205-800x1067.jpg 800w, https://www.compact-kaeltetechnik.de/wp-content/uploads/2022/04/IMG_9205-1152x1536.jpg 1152w, https://www.compact-kaeltetechnik.de/wp-content/uploads/2022/04/IMG_9205-1200x1600.jpg 1200w, https://www.compact-kaeltetechnik.de/wp-content/uploads/2022/04/IMG_9205-1536x2048.jpg 1536w, https://www.compact-kaeltetechnik.de/wp-content/uploads/2022/04/IMG_9205-scaled.jpg 1920w" data-sizes="auto" data-orig-sizes="(max-width: 220px) 100vw, 220px" /></p>
<p>Du bist auch der Meinung in Handwerksberufen ist es längst Zeit für Frauenpower und frischen Wind?</p>
<p>Dann ist unser GIRLS DAY vielleicht Dein Start in den coolsten Beruf überhaupt. &#8220;Coole Girls&#8221; erhalten hier Wissen aus erster Hand. Schau dir unsere Produktion an und sprich direkt mit anderen Azubis über die Ausbildung &#8220;Mechatronikerin für Kältetechnik&#8221;.</p>
<p>Teste Dein handwerkliches Geschick beim Messen, Biegen &amp; Löten. Am GIRLS DAY hast Du die Möglichkeit unter Anleitung ein cooles Werkstück aus Kupferrohr zu fertigen und dabei erste Einblicke in die Ausbildung zur Mechatronikerin für Kältetechnik zu gewinnen. Außerdem zeigen wir Dir bei einem Firmenrundgang unsere Fertigungsprozesse und weitere ausbildungsrelevante Stationen wie Isolierung, Verdrahtung und Montage. Unsere Ausbilder und Azubis kannst Du dabei alles fragen, was Dich interessiert.</p>
<p>Melde Dich jetzt zum GIRLS DAY bei uns an &#8211; Wir freuen uns auf Dich!</p>
<p><a href="https://www.girls-day.de/.oO/Show/compact-kaeltetechnik-gmbh/coole-girls-kaeltetechnik-live-erleben.1" target="_blank" rel="noopener"><strong>HIER ZUM GIRLS DAY 2024 ANMELDEN</strong></a></p>

<p>Handwerk ist reine Männersache? Nicht bei uns! Du bist auch der Meinung in Handwerksberufen ist es längst Zeit für Frauenpower und frischen Wind? Dann ist unser GIRLS DAY vielleicht Dein Start in den coolsten Beruf überhaupt. &#8220;Coole Girls&#8221; erhalten hier Wissen aus erster Hand. Schau dir unsere Produktion an und sprich direkt mit anderen Azubis  [&#8230;]</p>
